lions digit of 1061698233?
6
What is the ten millions digit of 200499644?
0
What is the hundred millions digit of 3241225708?
2
What is the thousands digit of 181457922?
7
What is the ten thousands digit of 620605046?
0
What is the hundred millions digit of 4009258361?
0
What is the hundreds digit of 2764219984?
9
What is the tens digit of 608777162?
6
What is the thousands digit of 212998865?
8
What is the ten millions digit of 540635412?
4
What is the billions digit of 3190720473?
3
What is the units digit of 58279610?
0
What is the millions digit of 5183410?
5
What is the hundred thousands digit of 67167510?
1
What is the hundred millions digit of 8234524008?
2
What is the ten thousands digit of 103182565?
8
What is the tens digit of 578526522?
2
What is the hundred thousands digit of 417846?
4
What is the millions digit of 583906173?
3
What is the thousands digit of 359258711?
8
What is the tens digit of 1290418187?
8
What is the ten millions digit of 697567314?
9
What is the hundreds digit of 780513600?
6
What is the tens digit of 2926496562?
6
What is the thousands digit of 37650520?
0
What is the ten thousands digit of 5412362089?
6
What is the millions digit of 78606086?
8
What is the tens digit of 169651503?
0
What is the tens digit of 1369782095?
9
What is the ten thousands digit of 81358310?
5
What is the hundred millions digit of 272403935?
2
What is the millions digit of 185919506?
5
What is the tens digit of 482761308?
0
What is the hundreds digit of 762161553?
5
What is the units digit of 356335960?
0
What is the ten thousands digit of 103878922?
7
What is the thousands digit of 64813616?
3
What is the units digit of 5446503222?
2
What is the ten thousands digit of 165708204?
0
What is the hundred thousands digit of 913108394?
1
What is the ten thousands digit of 204104856?
0
What is the hundreds digit of 857405775?
7
What is the hundred thousands digit of 49716122?
7
What is the ten thousands digit of 5754631300?
3
What is the thousands digit of 49463632?
3
What is the hundred millions digit of 1286905830?
2
What is the thousands digit of 90541820?
1
What is the millions digit of 52010809?
2
What is the thousands digit of 31029707?
9
What is the ten millions digit of 487446547?
8
What is the hundreds digit of 50588265?
2
What is the millions digit of 2736427175?
6
What is the hundred thousands digit of 134977598?
9
What is the tens digit of 47804590?
9
What is the units digit of 601861061?
1
What is the tens digit of 2041614460?
6
What is the ten millions digit of 23567704?
2
What is the hundred thousands digit of 274586514?
5
What is the units digit of 1681153177?
7
What is the units digit of 251377816?
6
What is the billions digit of 4307406595?
4
What is the thousands digit of 3265181573?
1
What is the millions digit of 185762460?
5
What is the thousands digit of 631426761?
6
What is the tens digit of 205404166?
6
What is the ten thousands digit of 144258525?
5
What is the ten millions digit of 2931141853?
3
What is the hundred thousands digit of 86835038?
8
What is the ten millions digit of 776474595?
7
What is the millions digit of 28096943?
8
What is the ten millions digit of 39914126?
3
What is the hundred millions digit of 254800878?
2
What is the units digit of 1983030991?
1
What is the billions digit of 1207657393?
1
What is the tens digit of 745238160?
6
What is the hundreds digit of 40958991?
9
What is the hundred thousands digit of 12016174?
0
What is the tens digit of 420452314?
1
What is the ten millions digit of 486846520?
8
What is the thousands digit of 137450870?
0
What is the hundreds digit of 22069079?
0
What is the tens digit of 5038214733?
3
What is the thousands digit of 342978710?
8
What is the millions digit of 148532449?
8
What is the tens digit of 1581153333?
3
What is the tens digit of 117947402?
0
What is the ten millions digit of 1160298675?
6
What is the hundreds digit of 1372628530?
5
What is the units digit of 854894098?
8
What is the hundred millions digit of 359658939?
3
What is the ten millions digit of 320799539?
2
What is the ten thousands digit of 156490608?
9
What is the hundred thousands digit of 873179?
8
What is the millions digit of 1275907948?
5
What is the millions digit of 260764238?
0
What is the thousands digit of 115455348?
5
What is the thousands digit of 4003161612?
1
What is the units digit of 1008046805?
5
What is the tens digit of 123917523?
2
What is the units digit of 412039935?
5
What is the tens digit of 93591762?
6
What is the hundred thousands digit of 8913147?
9
What is the hundreds digit of 12599727?
7
What is the thousands digit of 565438348?
8
What is the units digit of 3999145?
5
What is the units digit of 58625034?
4
What is the hundreds digit of 354931697?
6
What is the ten thousands digit of 1247570722?
7
What is the hundred thousands digit of 39328549?
3
What is the units digit of 6510962?
2
What is the thousands digit of 2507494300?
4
What is the ten millions digit of 2782242192?
8
What is the tens digit of 2464022398?
9
What is the hundreds digit of 702106339?
3
What is the thousands digit of 17451704?
1
What is the thousands digit of 217656511?
6
What is the millions digit of 60261747?
0
What is the tens digit of 242468141?
4
What is the tens digit of 55098330?
3
What is the units digit of 599760496?
6
What is the units digit of 71237194?
4
What is the tens digit of 1143642194?
9
What is the hundreds digit of 238796776?
7
What is the thousands digit of 7184700?
4
What is the hundred millions digit of 171609684?
1
What is the millions digit of 698676302?
8
What is the thousands digit of 5726252?
6
What is the hundreds digit of 437572279?
2
What is the thousands digit of 2205170?
5
What is the hundred millions digit of 1053047276?
0
What is the units digit of 405030785?
5
What is the thousands digit of 101014222?
4
What is the hundred thousands digit of 240243773?
2
What is the units digit of 8374598?
8
What is the ten millions digit of 7986214784?
8
What is the billions digit of 1986437375?
1
What is the ten millions digit of 37066854?
3
What is the millions digit of 75030004?
5
What is the hundred millions digit of 4817590847?
8
What is the millions digit of 3510415366?
0
What is the ten thousands digit of 772043561?
4
What is the hundred millions digit of 340212218?
3
What is the millions digit of 58482291?
8
What is the millions digit of 29796134?
9
What is the thousands digit of 75864112?
4
What is the units digit of 186668278?
8
What is the thousands digit of 1392623068?
3
What is the millions digit of 931510034?
1
What is the thousands digit of 14910151?
0
What is the units digit of 78451436?
6
What is the units digit of 18029178?
8
What is the tens digit of 14149792?
9
What is the units digit of 894555182?
2
What is the thousands digit of 36651477?
1
What is the thousands digit of 1101741447?
1
What is the tens digit of 143051141?
4
What is the units digit of 8418161?
1
What is the units digit of 32864517?
7
What is the ten thousands digit of 843542757?
4
What is the millions digit of 451891099?
1
What is the thousands digit of 1979729092?
9
What is the millions digit of 553850829?
3
What is the hundreds digit of 566887578?
5
What is the units digit of 925918492?
2
What is the tens digit of 3764079149?
4
What is the ten thousands digit of 7399802297?
0
What is the thousands digit of 57972856?
2
What is the thousands digit of 231529482?
9
What is the units digit of 87531787?
7
What is the ten millions digit of 2751326936?
5
What is the millions digit of 333382762?
3
What is the millions digit of 502591074?
2
What is the thousands digit of 5486518900?
8
What is the ten thousands digit of 23930242?
3
What is the tens digit of 1227459917?
1
What is the ten millions digit of 1952530186?
5
What is the ten millions digit of 543815416?
4
What is the thousands digit of 52911685?
1
What is the units digit of 2015758165?
5
What is the hundreds digit of 73627024?
0
What is the millions digit of 39570669?
9
What is the units digit of 2144609046?
6
What is the hundred millions digit of 228514364?
2
What is the ten millions digit of 494125403?
9
What is the units digit of 2151916531?
1
What is the tens digit of 95097709?
0
What is the units digit of 667011291